 = -56 - -58. Let x(s) = -203*s**3 + 7*s**2 - 2*s + 13. Let c(u) = -68*u**3 + 2*u**2 - u + 4. Let v(k) = n*x(k) - 7*c(k). What is the units digit of v(1)?
1
What is the units digit of ((-214)/6)/(23/(-8901))?
3
Let l(k) = -2*k**3 - 9*k**2 + 6*k - 4. Let m be l(-7). Suppose 3*h - 140 = m. Let n = h + 10. What is the tens digit of n?
2
Let u be (-4)/22 - 14175/(-99) - -4. Let b = u - -196. What is the tens digit of b?
4
Let o(y) = 126*y + 1127. What is the tens digit of o(27)?
2
Let o(v) = -v**3 + v**2 + 4*v + 16. Let c = -77 - -89. Suppose 0 = -f + 5*x + c, -4*x + 8 = 2*f + 26. What is the tens digit of o(f)?
4
Let k be 130 + (-3 - -8)/(-5). Suppose 0 = 132*x - k*x - 1743. What is the tens digit of x?
8
Let c(u) = 61*u - 15. Let a(n) = 550*n - 135. Let x(s) = 6*a(s) - 55*c(s). Let f be x(-5). Suppose 11*m = 1272 + f. What is the hundreds digit of m?
1
Let v = -100 + 121. Suppose 1 = -o + v. What is the units digit of o?
0
Let k = 18550 + -12110. What is the hundreds digit of k?
4
Suppose 18*f - 590 = 2740. Let k = f + -184. What is the units digit of k?
1
Let h(b) = -2*b**3 + 10*b**2 + 38*b - 273. What is the ten thousands digit of h(-26)?
4
What is the hundreds digit of (1629 + 1)/(88/36 + 8/(-18))?
8
Suppose -4*s = 3*j - 23, 0*s + 4*s = 8. Suppose 1994 = 4*w + j*v, 5*w - 5*v - 190 = 2325. What is the units digit of w?
1
Let k be (11 - 14)*3912/9. Let r = k - -2122. What is the tens digit of r?
1
Let x(c) = -4*c + 38. Let s be x(8). What is the units digit of s/21 - (-708)/21?
4
Suppose -10 + 3 = s + 5*f, -4*s - f + 10 = 0. Let m(t) = 5 + t - s*t - 9*t. What is the units digit of m(-4)?
9
Let m = -769 + 1820. Let r = m + -621. What is the hundreds digit of r?
4
Let x(a) = 12*a - 25*a + 8*a + 21 + 8*a**2. What is the tens digit of x(5)?
9
Let u(n) = -n + 10. Let d be u(-11). What is the units digit of (d/7)/((-9)/(-93))?
1
Suppose -54*y - 4068 = -57*y + 3*l, 4*l + 6777 = 5*y. What is the units digit of y?
3
Let o(c) = 15*c - 10. Let a = 11 - 3. Suppose -h = 2*i - 15, 2*h - 1 = -i + a. What is the tens digit of o(i)?
9
Let f(z) = -z**3 + 10*z**2 - 15*z + 14. Let o be f(8). What is the tens digit of -2 + (-2150)/(-4) + (-11)/o?
3
Let q(y) = -y - 1. Let m be q(-3). Suppose -2*x + 2985 = -0*x + 3*w, 3010 = 2*x - m*w. Suppose 11*k - x = -k. What is the units digit of k?
5
Let q = -213 - -684. Let x = 380 + q. What is the tens digit of x?
5
Suppose -5*w = -2*t - 80, -3*t + 0*t + 4*w - 120 = 0. Let k be (-3)/6*(-2 + -22). What is the tens digit of (k/(-10))/(t/2500)?
7
Let n = 43 - 31. Suppose -6*j = -5*j + n. What is the units digit of ((-267)/j)/(2/8)?
9
Let f be 231/9*(3 - 4)*6. Let b be (11/(f/21))/(3/(-4)). Suppose b*n = -6, 3*v + 3*n = n + 228. What is the tens digit of v?
7
Let a = -62676 - -97057. What is the hundreds digit of a?
3
Let c(o) = 69*o**2 - 16*o - 7. What is the hundreds digit of c(-9)?
7
Let b = -48 + 110. Suppose -b*w = 16816 - 73608. What is the tens digit of w?
1
Let p = 6284 + -356. What is the units digit of p?
8
Suppose -8*c = 3*q - 7*c - 2152, -c = -5*q + 3576. Suppose 2*w + q = d, 2*d - w - 1432 = -5*w. What is the hundreds digit of d?
7
Let y(d) = -3*d**2 + 6*d**2 + 11 - 2*d + d**3 - 6*d. Suppose 5*f - p - 18 = 2*f, 4*f - 11 = -3*p. What is the hundreds digit of y(f)?
1
Let o(z) = -z**3 + 7*z**2 - 10*z + 15. Let u be o(7). Let w = u + 52. Let f(x) = 2*x**2 - 3*x + 2. What is the tens digit of f(w)?
2
Let a be -6 + 92/16 + (-25)/(-4). Suppose 0 = 4*q - 166 - a. Suppose 38*b = q*b - 385. What is the units digit of b?
7
Let m = -703 + 706. Suppose 0 = m*p, 2*j - 3*p - 1263 = j. What is the units digit of j?
3
Suppose -y = 5*y - 24. Suppose -2*j + 10*n = 5*n - 651, -y*j + 1338 = 2*n. What is the tens digit of j?
3
Let h(v) = -10*v**3 - v**2 + 3*v + 3. Suppose 0 = -15*u + 19*u + 8. Let r be h(u). Let g = r - 0. What is the tens digit of g?
7
Suppose 5*w - 3*t = 9191, w - 76*t - 1831 = -73*t. What is the units digit of w?
0
Let w(o) = -2*o**3 - 2*o**2 - o - 99. Let x be w(0). Let g = 72 - x. What is the hundreds digit of g?
1
What is the ten thousands digit of (-69514679)/(-1612) + (-2)/8?
4
Let n(z) = 2*z**3 - 2*z**2 + 4*z - 2. Suppose 4*f = -5*s - 8 + 19, -2*s - 14 = -3*f. Let a be n(f). Suppose -5*p + 105 + a = 0. What is the units digit of p?
3
Let a = 463 - -1922. What is the tens digit of a?
8
Suppose 14*f = 13*f + 4*l - 7, -2 = -l. What is the thousands digit of 1436 - (-52)/4 - f*-4?
1
Let g(s) = 54*s + 3482. What is the units digit of g(29)?
8
Suppose 4*w - 245 = -5*j, 388 - 125 = 4*w - j. What is the units digit of ((-221)/w)/((-3)/555)?
9
Suppose 11*z - 6*z - 179955 = k, 4*k = 2*z - 71964. What is the hundreds digit of z?
9
Suppose -2 = m, -4855 = -5*f + m + 10162. Let q = f + -1051. What is the units digit of ((-14)/(-8) + -2)/((-8)/q)?
1
Suppose -6 = 3*n, 2*q + 3*n = -0*q - 26. Let x = 86 + q. Suppose c = t + x, -c - c + t = -155. What is the tens digit of c?
7
Let c = 27360 + -4455. What is the units digit of c?
5
Let t(y) = -y**2 + 3*y + 35. Let r be t(-12). Suppose 2*a + 2*u - 54 = 508, a + 5*u - 277 = 0. Let p = r + a. What is the units digit of p?
7
What is the tens digit of 9445 + 11 - (-3 - (-2 - -9))?
6
Suppose 4282 = 2*i + s - 103, 6567 = 3*i - 2*s. What is the hundreds digit of i?
1
Suppose 2*k + k + 3 = 0. Let b = k - -1. Suppose b = 3*o + 9, 3*l + 4*o + 4 = 193. What is the units digit of l?
7
Let q(t) = 163*t**2 - 74*t - 632. What is the tens digit of q(-7)?
7
Let f = 72 - 70. Suppose a = z + 1, 2 + 17 = -5*z - f*a. What is the tens digit of (-460)/z - (-4)/6?
5
Let v(c) = 2*c**3 - 4*c**2 - c - 3. Suppose 0 = -6*q - 4 + 34. Let h be v(q). Let i = h - 74. What is the units digit of i?
8
What is the hundreds digit of 2 + 19391 + (-17)/(-1)?
4
Let r(a) = -1819*a + 2073. What is the hundreds digit of r(-6)?
9
Let k(v) = -v - 9. Let n be (-2)/7 + (-220)/14. Let o be k(n). Suppose o*j - 720 = 50. What is the hundreds digit of j?
1
Let f(x) be the third derivative of x**6/24 - 2*x**5/15 - 7*x**4/12 - 2*x**3 - 20*x**2. What is the hundreds digit of f(5)?
3
Let q = -47 + 69. Let x(o) = -o**3 + 21*o**2 + 3*o + 53. Let t be x(q). Let g = t + 524. What is the tens digit of g?
5
Let p(t) = -t**2 - 6*t + 4. Let m be p(-10). What is the tens digit of (-1)/4 + (-6669)/m?
8
Suppose 0 = 3*l - 2*s - 248, -l + 4*s + 85 = s. Let z be 418/8 - (-2)/(-8). Let i = l - z. What is the tens digit of i?
3
Suppose -2*n = -3*c - 20, -5*n + 5 = c - 11. Let d be 1/(12 - 481/39). What is the tens digit of (598/c - d)/(2/(-4))?
9
Suppose u = -4*i - 56, 8*i = 3*i + 5*u - 95. Let m be (-15)/i - (-1 - -47). Let x = 71 + m. What is the units digit of x?
6
Suppose 2*f + 2 = 8. Suppose 0 = 5*b - a - 9, -f*b + a = 4*a - 9. Suppose 0 = 2*k - 8*i + 5*i - 123, -4*k + 270 = b*i. What is the tens digit of k?
6
Let s(b) = 49*b**3 + 2*b**2 - 10*b + 5. Let l be s(2). Let p = l - -1160. What is the thousands digit of p?
1
Let b(w) = w**3 - 77*w**2 - 24*w + 231. What is the hundreds digit of b(78)?
4
Suppose -5*t - 3*o + 23446 = -83543, -64185 = -3*t - 6*o. What is the hundreds digit of t?
3
Suppose d + 3*u = -5 - 0, u = -d + 1. Let x be -5 - (-3 - d) - 2*1. Suppose -5*a + x*a + 90 = 0. What is the units digit of a?
8
Suppose -4*h = 0, 2*n + 148 = 6*n - 3*h. Let l = 55 - n. Suppose 0 = -l*p + 22*p - 112. What is the tens digit of p?
2
Let o(n) = -n**2 - 76*n - 41. Let b be o(-33). Suppose -6*l + 4*l = 4*r - b, 0 = 4*l + 4*r - 2744. What is the units digit of l?
3
Let g = -49465 - -82520. What is the thousands digit of g?
3
Let c be (0 + 3/(-1))*-1. Suppose 5*f + 380 = c*o + 52, -3*f + 114 = o. Let x = o - 85. What is the units digit of x?
6
Let t be (-100)/(-15)*(-12)/(-5). Suppose 6 = 2*o, -3*q + t = -3*o + 322. What is the units digit of (-3443)/q + (-2)/(-9)?
5
Let s(u) = 37*u**2 - 85*u + 192. What is the hundreds digit of s(22)?
2
Let o(y) = y**3 - 29*y**2 - 24*y + 48. Let w be o(30). What is the tens digit of 412148/w + (1 - (-5)/(-3))?
0
Suppose 3*r - 4*r = -18. Let c = r + -4. Let d = c - -2. What is the tens digit of d?
1
Let f = 24044 + -10506. What is the tens digit of f?
3
Let b(g) = g**2 + 46*g - 1291. What is the units digit of b(49)?
4
Let u(d) = 5*d**3 + 7*d**2 + 21*d - 108. What is the tens digit of u(9)?
9
Let v be (14740/(-30))/(-